t m(s) = -19*s + 86. Let z be m(4). Let y(a) = -z + 5*a + 3 + 1 + 4. Give y(1).
3
Let r(o) be the third derivative of 2*o**5/15 + 5*o**4/6 - o**3/3 + 2*o**2 + 8*o. Let q(s) = 2*s**2 + 5*s - 1. Let u(b) = -9*q(b) + 2*r(b). What is u(-5)?
-20
Let u = 54925 - 54923. Let r(f) = -3*f**3 - 5*f + 2 + 4*f + 0*f - 3*f + 2*f**2. Calculate r(u).
-22
Let a(i) = 90*i + 182. Let p be a(-2). Let q(s) be the second derivative of 0 - 5*s**p + s + 1/3*s**3. Determine q(7).
4
Suppose -5*j + 15*q + 25 = 18*q, 0 = 2*j + 3*q - 10. Let v(k) = k**3 - 6*k**2 + 7*k + 2. Determine v(j).
12
Let c be -22 + -2 - (-5 + 2). Let u be 2/(111/c - -5). Let v(r) = 8*r + 10. Determine v(u).
-46
Let p(r) = -r**2 + 7*r - 2. Let a be p(7). Suppose 3*o - 2 = 2*o + 2*s, 3*o - 6 = -3*s. Let h(b) = -6*b + 14*b - 2*b - 5*b + o. Calculate h(a).
0
Let f(v) = -v**3 - 36*v**2 - 28*v - 96. Let m(d) = 3*d**2 + 8*d - 1. Let w(y) = -f(y) + 2*m(y). Calculate w(-41).
-29
Let o(i) be the third derivative of i**6/120 - 2*i**5/15 - 11*i**4/24 - i**3/2 + 597*i**2. Determine o(8).
-91
Let i be (-7)/(-4) + ((-15)/20)/(-3). Let m(v) = -i + 2 - 11*v + 3 + 3*v. Suppose -4*x + 5*x - 3 = 0. Calculate m(x).
-21
Let m(n) = -n**2 + 3*n + 1. Let l(s) = -4*s**2 - 4*s - 14. Let y(t) = -l(t) + 2*m(t). Determine y(-8).
64
Let n = -44 - -41. Suppose 9*z - 28 = 17. Let l(a) = -z - 8*a**2 + 4 + 2*a**2 + 5*a**2. Calculate l(n).
-10
Let b(d) = -d**2 + 4*d - 26. Let q(n) = -2*n**3 + 118*n**2 - n + 59. Let v be q(59). Give b(v).
-26
Suppose 12 = 3*g - 5*g. Let p be g/10*(-1 + 6). Let u(k) be the first derivative of k**3/3 + 3*k**2/2 + k + 3. What is u(p)?
1
Let j(g) = -g**3 + 2*g**2 - 10. Let i(x) = -7*x**3 + 31*x**2 + 2*x - 66. Let w(q) = i(q) - 6*j(q). Determine w(19).
32
Suppose -5*w + 3*w + 5*k = -26, 0 = 3*k + 6. Suppose -g + 290*j - 294*j = -10, 4*g - 2*j = 4. Let f(d) = 3 + 5*d - 4*d - g - w. Give f(4).
-3
Suppose 2*b = 4*d + 4, -b = 2*d - 4 + 2. Suppose 4*y - 12 = d, -2*t + 22 = 5*y + 5. Let s(a) = 1760 + 4*a**2 - 1761 - 3*a**2. Calculate s(t).
0
Let a(g) = 2*g. Suppose -3*c + 81 = -5*d, 4*c + 7 - 115 = 5*d. Suppose 5*n - 4*l = c + 256, 2*n = 4*l + 118. Let v be (-3)/27 + n/9. What is a(v)?
12
Suppose 2*z - 2*b + 7*b = -16, 2*b = 3*z - 14. Let p(c) = -2*c**3 - c**2 + 4*c. Let l be p(z). Let r(i) = -i**3 - 11*i**2 + 13*i + 13. Calculate r(l).
1
Let q(y) be the third derivative of 0 + 1/8*y**4 + 14*y**2 + 0*y**3 + 0*y. Give q(5).
15
Let j(p) = p**3 - 7*p**2 - 12*p + 5. Suppose 19*s = 18*s + 32. Suppose 0*d - 24 = -3*d - 2*k, s = 4*d + k. What is j(d)?
-27
Let s be 12/10*10/3. Let u(z) be the first derivative of -z**5/40 - z**4/12 - 226*z**3/3 - 335. Let k(p) be the third derivative of u(p). Calculate k(s).
-14
Let i(q) = 2*q**2 - 6*q**2 + 5*q**2 - 8*q**2 + 6*q**2 + 134 + 17*q. Give i(-6).
-4
Suppose 196*q = 2*s + 203*q + 136, 0 = s + q + 28. Let j(y) be the third derivative of y**5/60 + 13*y**4/24 + y**3/3 - y**2. Give j(s).
-10
Let t = -1583 + 1590. Let l(d) = -d**2 + 12*d - 19. Give l(t).
16
Let z(q) be the first derivative of -15 + q**2 + 7*q - 1/4*q**4 + 2*q**3. Let u(w) = w**2 - 33*w - 27. Let m be u(34). Give z(m).
-28
Let g(d) = -25*d + 247. Let h(f) = -13*f + 104. Let j(p) = 3*g(p) - 7*h(p). Give j(3).
61
Let v(o) = -3*o**2 - 14*o + 15. Let g be (-4)/16 + (-1610)/280. Give v(g).
-9
Let s(b) be the third derivative of b**5/60 + b**4/4 - 119*b**3/6 + 3*b**2 - 1133. What is s(-15)?
16
Let x = -1/9690 - -808/4845. Let p(c) be the third derivative of 1/24*c**4 + 1/60*c**5 + 0*c + 0 - x*c**3 + 15*c**2. Give p(-2).
1
Suppose 8*q - h + 21 = 0, q - 5*q - 2*h = -2. Let x(a) be the third derivative of -5*a**4/24 - a**3/2 + a**2. Give x(q).
7
Let u(g) = -9*g + 1 - 3 + 1. Let o = -45 + 45. Suppose 13*w - 16*w + 6 = o. Calculate u(w).
-19
Suppose -32 = 4*o, -4*p + 7*o = 17*o - 12*o. Let a(m) be the second derivative of -m**5/20 - m**4/6 + 2*m**3/3 - 7*m**2/2 - m. Give a(p).
9
Suppose t + 13 = -5*g, 0 = -4*t - 2*g + 3 - 1. Let z(c) = -2 + c**2 - 3*c**2 - 4*c + c - t*c. Suppose -3 = 3*q + 3*j, -4*q + 5*j = 1 + 21. What is z(q)?
-5
Let v(w) = 8 - 3 - 4 + 9*w + 0 - 10. Determine v(2).
9
Let o = -12 - -18. Suppose 15 = 3*q - o. Let w(u) = -u + 14 - 10 - q. What is w(-3)?
0
Let j(x) = -29*x**2 - x**3 + 107*x**2 - 22*x**2 - 31*x**2 - 27*x**2 - 2 + 5*x. Give j(-4).
10
Let h(p) = 20*p**3 + 21*p + 5*p**2 - 21*p**3 - 3 + 20. Let i be h(8). Let w(z) be the first derivative of -z**3/3 - 9*z**2/2 - 8*z + 1. Calculate w(i).
6
Let x(t) be the third derivative of t**8/20160 + t**7/840 - t**6/720 + t**5/30 + t**3 - t**2 - 79*t. Let g(p) be the third derivative of x(p). What is g(-6)?
-1
Let l(p) = p**3 + p**2 + p. Let y(d) = 10*d**2 + d - d**3 + 7*d + 16 - 24*d**2. Let o(i) = -2*l(i) - y(i). Suppose 324*w = -47*w + 4081. Calculate o(w).
-5
Let w(t) = -t**2 - 8*t. Let z = 52 + -48. Suppose q - 4*h = 3*q + 32, z*h = -4*q - 48. Give w(q).
0
Let f be (5/(-30) - 534/36) + -7. Let k(c) = -c**2 - 22*c - 7. Determine k(f).
-7
Suppose 0 = -5*v - 3*r + 44, v - 3*r + 6 - 4 = 0. Suppose -v*s = 10*s + 85. Let d(n) = 4*n. What is d(s)?
-20
Let f(q) = -28*q - 200. Let z be f(-7). Let g(x) = -x**3 - x**2 - 7*x - 4. Calculate g(z).
72
Let k(r) be the third derivative of 17*r - 1/15*r**5 + 0 - 1/12*r**4 - 1/120*r**6 + 5/6*r**3 - 3*r**2. What is k(-4)?
13
Let w(z) = 19*z + 125. Suppose 5*t + 5*m + 25 = 0, -128*m = 5*t - 127*m + 29. Calculate w(t).
11
Let r = -13019 - -13007. Let b(d) = d - 32. What is b(r)?
-44
Let l = -6 + 2. Let h(a) = a**2 + 5*a + 6. Let s be h(l). Let u(j) = 10*j**2 + 2*j + 2. Let p(w) = -28*w**2 - 4*w - 6. Let d(z) = 3*p(z) + 8*u(z). What is d(s)?
-10
Suppose -4*s - 15 = 2*a - 1, 17 = 4*a - s. Let i(z) = 106*z**3 - 1 - 56*z**a - 5*z + 8*z**2 - 3 - 51*z**3. Calculate i(7).
10
Let m(s) = s**2 + 9*s + 2. Let u be 3 - ((-100)/(-4) - 1). Let l be (78/u)/(3/(-21)). Suppose 3*t + 2*z + l = 0, -3*t + 0*t - 23 = -z. Determine m(t).
-6
Suppose -6*v + 12 = -5*v. Let j be (v/15)/(4/(-10)). Let w be j/(-1*((-3)/(-9) + -1)). Let y(p) = -p + 3. Determine y(w).
6
Let n(j) = 0*j + 2*j + 2 - 2*j**2 + j. Let m be 9/15 + (16268/(-35))/(-7). Let b = 65 - m. Give n(b).
-12
Let a(d) = d**3 + 19*d**2 + 33*d - 1. Let o be a(-17). Suppose 0 = 31*c - o*c. Let q(m) = m**2 - m + 6. What is q(c)?
6
Let i(x) = 7*x - 264. Let g be i(38). Suppose -4*v + 22 = -g*j, 2*j - 3*v + 26 = 2*v. Let r(s) = 2*s + 3. Calculate r(j).
-3
Let j(i) = -i + 11. Let t(n) = -7*n**3 + 6*n**2 + 3*n - 2. Let c be t(-1). Suppose c*d - 195 + 35 = 0. What is j(d)?
-9
Let d be 1 + (1 - -14 - 6). Let j(o) = -2*o - 5*o + 7*o - 1 + d*o + 3. Determine j(-1).
-8
Let t(s) = 4*s**2 - 2*s + 5. Let o be 2 + -4 - -1 - (25 + -28). Determine t(o).
17
Let c(x) = x - 21. Let f be c(21). Let a(r) = f*r + 2*r + 0*r + 4 - r. Give a(-6).
-2
Let g(c) be the second derivative of 7*c**3/6 + c**2 + 23181*c. Let d = 7 - 11. Determine g(d).
-26
Suppose -332*l = -401*l + 207. Let u(j) = -2*j**2 + 9*j - 5. What is u(l)?
4
Let c(t) = -t**2 - 5*t - 4. Let i = -84 + 86. Let b(u) = -u**3 - 2*u**2 + 5*u + 6. Let d be b(-4). Suppose -k + i*a = 2*k + 3, -k - 5*a = d. Determine c(k).
2
Let k be (-86)/(-18) + -6 + 336/54. Suppose -3*y + k*l = -y - 21, 0 = -5*y - 5*l. Let r(g) = 17 + y*g - 13 - 2*g. What is r(-3)?
1
Let d(y) = -y**2 - 116*y - 1332. Let l be d(-13). Let m(b) = -4*b - 19. What is m(l)?
-47
Suppose 7 = 2*x + 3, -y + 3*x - 1 = 0. Suppose -4*m - 12 = -20. Let w(j) = 6*j**2 + 1006*j**3 + 2*j - 2*j**2 - 1007*j**3 - m. What is w(y)?
-17
Let x(i) be the third derivative of 7/24*i**4 + 2/3*i**3 + 124*i**2 + 1/60*i**5 + 0*i + 0. Determine x(-5).
-6
Let z(u) = 2*u**3 - 14*u**2 - 2*u + 14. Let g be z(7). Suppose -6 = w + 4*w + 4*i, 0 = 5*w - i - 14. Let s(f) = -w*f**2 - 2*f + 2*f + f**2 + 6. Determine s(g).
6
Let y(l) = 91*l - 361. Let w be y(4). Let b(m) be the third derivative of 1/3*m**w + 10*m**2 + 0*m + 0 + 1/24*m**4. Determine b(2).
4
Let m be 18/(-99) - 861/(-77). Let k(d) = -14*d + 6 + d**2 + m - 19*d + 19*d. Calculate k(13).
4
Let b(p) = -5*p**2 - 9*p + 1. Let x be (-368)/(-46) + 23/(-5) + 6/10. What is b(x)?
-115
Let g(d) = 9*d - d - d**2 - 7*d - 19 + 7*d - 29*d. What is g(-19)?
19
Suppose 13*o - 15*o = 102. Let r = o - -57. Let g(s) = s - 1. Let k(l) = 4*l + 1. Let w(y) = -5*g(y) + k(y). What is w(r)?
0
Suppose 5